 159 = 0, 3*d - d + 2*l = 106. Let q = -18 + d. Suppose 0 = -f + 7 + 5. What is the remainder when q is divided by f?
11
Let v = 358 + -70. Calculate the remainder when 77 is divided by ((v/15)/(-4))/(24/(-80)).
13
Let o(k) be the second derivative of 1/12*k**4 + 0 - 5*k + 1/20*k**5 - 1/6*k**3 + 3/2*k**2. What is the remainder when o(0) is divided by 3?
0
Let b = 1006 - 989. What is the remainder when 27 is divided by b?
10
Suppose 3*p = 3 + 6. Let y(g) = -g**2 - 30*g - 55. What is the remainder when p is divided by y(-28)?
0
Suppose -d + 45 = -4*d. What is the remainder when (18/(-8))/(d/440) is divided by 15 + ((-16)/(-4) - 2)?
15
Suppose -24 = 4*g + 28. Let v = -8 - g. Suppose -v*f = -0*s + 4*s - 49, 2*s + 43 = 5*f. Calculate the remainder when f is divided by 6.
3
Let g(i) = -i - 2. Let f be g(-4). Suppose 3*q + f*q = 320. Suppose 3*a = 2*z - 3 - 25, 0 = -5*z + 2*a + 81. What is the remainder when q is divided by z?
13
Suppose -8 + 42 = p - 3*r, -r - 128 = -5*p. What is the remainder when 173 is divided by p?
23
Let y be (-5 - -3)*(3 - 5). Let f be -2 + 0 + (6 - y). Suppose f = -2*w - w + 54. Calculate the remainder when w is divided by 7.
4
Let x = 711 - 702. Calculate the remainder when x is divided by 5.
4
Let c be 0 + (-2 - 270*-1). Suppose -2*p - 62 = -c. Suppose 35 = -2*s + p. Calculate the remainder when s is divided by 12.
10
Suppose -5*s + 18 + 42 = 0. Let o = 7 - 4. What is the remainder when (o + -4)*92/(-2) is divided by s?
10
Let n(l) = 39*l - 9. Calculate the remainder when n(3) is divided by 22.
20
Let p be 1/4 + (-11)/(-4). Suppose 0 - p = -q. Suppose -3*t = -5 - 10. Calculate the remainder when t is divided by q.
2
Suppose -2*n = -180 - 74. What is the remainder when n is divided by 27?
19
Let x = 1713 + -1627. Calculate the remainder when 1459 is divided by x.
83
Let l(y) = -25*y - 28. Let k = -1 - -26. What is the remainder when l(-7) is divided by k?
22
Let a = -45 + 84. What is the remainder when a is divided by 12?
3
Suppose l - k = 9, -k + 3*k = l - 13. Suppose -l*v + 100 = -v. Suppose 2*y - 42 = 3*x + 113, -158 = -2*y + 4*x. Calculate the remainder when y is divided by v.
23
Suppose -18*h - 303 + 879 = 0. What is the remainder when 383 is divided by h?
31
Suppose 56 = 5*n - 4*g, -n - g - 20 = -3*n. What is the remainder when 36 is divided by n?
4
Let g = 15 + 11. Let j(k) = -k**3 - 20*k**2 + 42*k - 41. What is the remainder when g is divided by j(-22)?
2
Suppose 4*f + 10 = 2. Let v = f - -18. Calculate the remainder when 77 is divided by v.
13
Suppose 0*n + 378 = -3*n. Calculate the remainder when n/54*3*-1 is divided by 2.
1
Let h(s) = -3*s - 17. Let o(z) = -7*z - 32. Let n(d) = -9*h(d) + 4*o(d). What is the remainder when n(-7) is divided by 2 - (-2 + -1)*5?
15
Suppose -34 = -6*h - 916. Let m = 204 + h. What is the remainder when m is divided by 1 - (27*-1 - 1)?
28
Let k = -289 - -291. Calculate the remainder when 8 is divided by k.
0
Suppose d + 5*w - 29 + 16 = 0, 0 = 4*d + 4*w - 36. What is the remainder when 152 - (1 - (-1)/1) is divided by d?
6
Let o(t) = -2*t + 34. Let h be o(16). Let k = -1 + 3. Suppose k - 14 = -h*d. What is the remainder when 17 is divided by d?
5
Let m(p) = -23*p**3 + p**2 + 3*p + 2. Let l(d) = -d**3 - 7*d**2 - 5*d + 5. Let c be l(-6). What is the remainder when 114 is divided by m(c)?
22
Let p(v) = -v**3 + v**2 + 3*v - 2. Let f be p(2). Let w(s) be the first derivative of s**3/3 + 12*s - 1. What is the remainder when 21 is divided by w(f)?
9
Let m = -123 + 70. Calculate the remainder when 1/3*(4 - m) is divided by 7.
5
Suppose -3*d - 8 = -4*a, -2*a + a = -5*d - 19. Let j(h) = 190*h**2 - 1. Let o be j(a). Calculate the remainder when 67 is divided by o/11 + 2/(-11).
16
Let m = -63 + 78. Suppose -4*r + 2 + 18 = 0. Calculate the remainder when ((-18)/5)/((-3)/m) is divided by r.
3
Let p(u) = -u**3 + 53*u**2 + 56*u - 84. Calculate the remainder when 119 is divided by p(54).
23
Suppose 12*x = 6*x + 30. Let l(t) = -2*t**3 + 10*t**2 + 7*t + 5. What is the remainder when l(x) is divided by 9?
4
Suppose -63 = -3*p + v + 4*v, -4*p + 3*v = -84. Suppose 0 = 13*q - 8*q - 460. Suppose -q = -2*z - 14. Calculate the remainder when z is divided by p.
18
Let c(s) = s**3 - 13*s**2 + 3*s - 19. Let m be c(13). Suppose 4*r + m - 84 = 0. Calculate the remainder when 78 is divided by r.
14
Suppose 50 = 2*v - 3*u, -4*v + 8*v = 2*u + 84. What is the remainder when 10/(-8)*(260/(-10) + -94) is divided by v?
17
Let b(n) = -n**2 + 4*n - 10. Let h be b(3). Let w = h - -16. Calculate the remainder when 32 is divided by w.
5
Let l(r) = -75*r - 1. Let y be l(-1). Suppose -346 = -10*h + y. Suppose -2*b + 0 = -30. What is the remainder when h is divided by b?
12
Suppose -2*n = -6*n + 3*p + 18, 2*n = -4*p - 2. Suppose 8 = 2*d, x - d = n*d. What is the remainder when 42 is divided by x?
10
Let h = -301 - -342. Suppose -3*w = -4*x + 5, 2*w = 4*w - x. Calculate the remainder when h is divided by (0 + 1)*w*21.
20
Let p = 415 + -399. Calculate the remainder when 167 is divided by p.
7
Suppose -16*t + 2064 = -0*t. What is the remainder when t is divided by 22?
19
Suppose 570 = 3*a - 6. Suppose n = a + 68. Suppose 89 = -5*y + l + n, 2*l = 8. What is the remainder when 137 is divided by y?
32
Let f(b) = -b**2 - 7*b - 7. Let a be f(-2). Suppose 6*u - 2*u = a*l - 102, -4*l + 111 = 3*u. What is the remainder when 58 is divided by l?
28
Suppose -116 = -2*t + 3*n - 35, 4*n - 20 = 0. Suppose 10*c - t = 22. Calculate the remainder when 10 is divided by c.
3
Suppose -3*a - 18 = -4*j - 71, -3*a - 13 = 2*j. Let h be (-54)/(-36)*(-40)/6. Let w = h - j. Calculate the remainder when 1 is divided by w.
0
Suppose -45 = -4*t - 25. What is the remainder when 9 is divided by t?
4
Suppose 16*q = 20*q + m - 2273, 5*q - 2845 = -2*m. Calculate the remainder when q is divided by 30.
27
Let n = -67 - -103. Let q = n - 12. What is the remainder when 70 is divided by q?
22
Suppose -17*k - 8 = -450. What is the remainder when k is divided by 18?
8
Let a = 21 - 5. Let h = -16 + a. Suppose -5*f = -h*f - 110. What is the remainder when f is divided by 8?
6
Let u(r) = 12*r. Let i be u(-3). Let v be 8/i - 2434/(-18). Suppose -35 + 8 = -s - 2*p, -5*s + 2*p = -v. Calculate the remainder when s is divided by 14.
13
Let x(r) = -6 - r**2 + 0*r + r + 2 + 2*r**3. Calculate the remainder when 38 is divided by x(2).
8
Let t be 2/(-3)*(-3 + (-36)/6). Suppose -t*n + n + 140 = -u, n = u + 32. What is the remainder when n is divided by 8?
3
Calculate the remainder when 1/(-6) - (33670/12)/(-35) is divided by 2.
0
Let o = 41 - 39. Suppose o*d = 3*d - 4. Suppose -d*k = -82 - 34. What is the remainder when k is divided by 11?
7
Let q(l) = -l**3 + 3*l - 4. Let w be q(-4). Suppose 2*x - w = -2*x. Calculate the remainder when -14*((-3)/6 + -2) is divided by x.
11
Suppose 3*t + 0 - 3 = 0. Let p(o) = -o + 1. Let x be p(-1). Suppose -x*s + 6*s = 8. Calculate the remainder when s is divided by t.
0
Let n(u) = 9*u - 61. Calculate the remainder when 260 is divided by n(10).
28
Suppose 17*q = 4*q + 5876. What is the remainder when q is divided by 92?
84
Suppose 7*g - 8*g + 4*p = -2, -5*g - 5*p + 10 = 0. Let b be (-7)/(-4) - 2/(-8). Let f = b + g. Calculate the remainder when f is divided by 3.
1
Suppose -3*v - 3*p + 54 = 0, 188*v - 15 = 187*v - 2*p. What is the remainder when 41*2 - (-2 - -1) is divided by v?
20
Let y(x) = 20*x**2 - x + 5. Let h be y(3). Suppose h = -2*d - 192. Let k = d - -265. Calculate the remainder when k is divided by 20.
18
Let j = 0 + 3. Let v be ((-2)/6)/(2 + (-39)/18). Suppose -j*n = v*n - 85. Calculate the remainder when 67 is divided by n.
16
Calculate the remainder when (-8)/(0 + (-1)/6) is divided by (-5 + -2 - -14) + 10.
14
Suppose 60 = 26*m - 278. Calculate the remainder when 220 is divided by m.
12
Let d(a) = -5*a + 1. Let u be d(-5). Suppose 4*h - 14 = -t, -t = h - 39 + 16. What is the remainder when t is divided by 230/26 - (-4)/u?
8
Let d = -52 - -52. Suppose t - 3*u - 44 = -d*t, -3*u - 114 = -3*t. Calculate the remainder when t is divided by 18.
17
Let q = -25 - -45. Suppose 4*f - q = -4*v, -3*v = -0*f + 2*f - 19. What is the remainder when 24 is divided by v?
6
Let j = 184 + 123. What is the remainder when j is divided by 77?
76
Let t = 4 + 9. S